{"id":8712,"date":"2025-02-04T16:59:33","date_gmt":"2025-02-04T16:59:33","guid":{"rendered":"https:\/\/lagattamatta.com\/?post_type=product&#038;p=8712"},"modified":"2025-03-15T16:45:59","modified_gmt":"2025-03-15T16:45:59","slug":"body-mousse-lormar","status":"publish","type":"product","link":"https:\/\/lagattamatta.com\/?product=body-mousse-lormar","title":{"rendered":"BODY LORMAR art.MOUSSE"},"content":{"rendered":"<p>Body MOUSSE FREE Lormar.<\/p>\n<p>Body donna senza ferretto, leggermente imbottito preformato, prodotto in morbida microfibra liscia.<\/p>\n<p>Le coppe stretch e la struttura di sostegno del seno garantiscono grande vestibilit\u00e0.<\/p>\n<p>L&#8217;innovativo materiale che caratterizza il modello, permette una perfetta vestibilit\u00e0 grazie all&#8217;elasticit\u00e0 in verticale ed orizzontale.<\/p>\n<p>Massima aderenza al seno ed un effetto estremamente naturale.<\/p>\n<p>Il Retro del body Mousse Free \u00e8 dotato di taglio laser rinforzato che non lascia segni sulla cute e sotto gli abiti.<\/p>\n<p>Disponibile nelle taglie\u00a0 3 ,4, 5 e 6, \u00a0e nei colori bianco, nudo e nero.<\/p>\n<p>&nbsp;<\/p>\n","protected":false},"excerpt":{"rendered":"<p>Body MOUSSE FREE Lormar. Body donna senza ferretto, leggermente imbottito preformato, prodotto in morbida microfibra liscia. Le coppe stretch e la struttura di sostegno del seno garantiscono grande vestibilit\u00e0. L&#8217;innovativo materiale che caratterizza il modello, permette una perfetta vestibilit\u00e0 grazie all&#8217;elasticit\u00e0 in verticale ed orizzontale. Massima aderenza al seno ed un effetto estremamente naturale. Il [&hellip;]<\/p>\n","protected":false},"featured_media":8725,"template":"","meta":[],"product_brand":[],"product_cat":[74],"product_tag":[88],"class_list":{"0":"post-8712","1":"product","2":"type-product","3":"status-publish","4":"has-post-thumbnail","6":"product_cat-body","7":"product_tag-body","9":"first","10":"instock","11":"shipping-taxable","12":"purchasable","13":"product-type-variable","14":"add-to-wishlist-after_add_to_cart"},"_links":{"self":[{"href":"https:\/\/lagattamatta.com\/index.php?rest_route=\/wp\/v2\/product\/8712","targetHints":{"allow":["GET"]}}],"collection":[{"href":"https:\/\/lagattamatta.com\/index.php?rest_route=\/wp\/v2\/product"}],"about":[{"href":"https:\/\/lagattamatta.com\/index.php?rest_route=\/wp\/v2\/types\/product"}],"wp:featuredmedia":[{"embeddable":true,"href":"https:\/\/lagattamatta.com\/index.php?rest_route=\/wp\/v2\/media\/8725"}],"wp:attachment":[{"href":"https:\/\/lagattamatta.com\/index.php?rest_route=%2Fwp%2Fv2%2Fmedia&parent=8712"}],"wp:term":[{"taxonomy":"product_brand","embeddable":true,"href":"https:\/\/lagattamatta.com\/index.php?rest_route=%2Fwp%2Fv2%2Fproduct_brand&post=8712"},{"taxonomy":"product_cat","embeddable":true,"href":"https:\/\/lagattamatta.com\/index.php?rest_route=%2Fwp%2Fv2%2Fproduct_cat&post=8712"},{"taxonomy":"product_tag","embeddable":true,"href":"https:\/\/lagattamatta.com\/index.php?rest_route=%2Fwp%2Fv2%2Fproduct_tag&post=8712"}],"curies":[{"name":"wp","href":"https:\/\/api.w.org\/{rel}","templated":true}]}}